te the remainder when 5360 is divided by 103.
4
Calculate the remainder when 63 is divided by 13.
11
Calculate the remainder when 271 is divided by 23.
18
Calculate the remainder when 29412 is divided by 159.
156
What is the remainder when 162 is divided by 161?
1
What is the remainder when 714 is divided by 225?
39
What is the remainder when 1341 is divided by 21?
18
Calculate the remainder when 966 is divided by 330.
306
What is the remainder when 86 is divided by 16?
6
Calculate the remainder when 117 is divided by 20.
17
Calculate the remainder when 3549 is divided by 71.
70
Calculate the remainder when 1041 is divided by 219.
165
What is the remainder when 129 is divided by 27?
21
What is the remainder when 280 is divided by 109?
62
What is the remainder when 2407 is divided by 75?
7
Calculate the remainder when 304 is divided by 12.
4
What is the remainder when 556 is divided by 6?
4
What is the remainder when 1890 is divided by 39?
18
What is the remainder when 136 is divided by 43?
7
Calculate the remainder when 59 is divided by 4.
3
Calculate the remainder when 262 is divided by 30.
22
Calculate the remainder when 331 is divided by 48.
43
What is the remainder when 30742 is divided by 72?
70
Calculate the remainder when 33119 is divided by 180.
179
What is the remainder when 169 is divided by 19?
17
Calculate the remainder when 302 is divided by 144.
14
Calculate the remainder when 19421 is divided by 25.
21
What is the remainder when 236 is divided by 14?
12
Calculate the remainder when 4437 is divided by 111.
108
What is the remainder when 2486 is divided by 43?
35
Calculate the remainder when 136 is divided by 7.
3
What is the remainder when 104 is divided by 16?
8
Calculate the remainder when 516 is divided by 131.
123
Calculate the remainder when 484 is divided by 96.
4
What is the remainder when 125 is divided by 8?
5
Calculate the remainder when 255 is divided by 64.
63
Calculate the remainder when 111 is divided by 63.
48
What is the remainder when 306 is divided by 26?
20
What is the remainder when 98 is divided by 56?
42
Calculate the remainder when 1102 is divided by 24.
22
What is the remainder when 90 is divided by 65?
25
Calculate the remainder when 23973 is divided by 111.
108
What is the remainder when 695 is divided by 31?
13
Calculate the remainder when 1035 is divided by 77.
34
What is the remainder when 64 is divided by 13?
12
What is the remainder when 566 is divided by 27?
26
What is the remainder when 97 is divided by 59?
38
Calculate the remainder when 257 is divided by 225.
32
Calculate the remainder when 137 is divided by 6.
5
Calculate the remainder when 1506 is divided by 1487.
19
What is the remainder when 623 is divided by 39?
38
What is the remainder when 303 is divided by 61?
59
What is the remainder when 260 is divided by 9?
8
What is the remainder when 373 is divided by 88?
21
Calculate the remainder when 955 is divided by 404.
147
What is the remainder when 2110 is divided by 132?
130
What is the remainder when 1611 is divided by 19?
15
Calculate the remainder when 528 is divided by 106.
104
Calculate the remainder when 1023 is divided by 341.
0
What is the remainder when 258 is divided by 22?
16
What is the remainder when 70 is divided by 19?
13
Calculate the remainder when 1363 is divided by 4.
3
What is the remainder when 10 is divided by 6?
4
What is the remainder when 782 is divided by 27?
26
What is the remainder when 287 is divided by 24?
23
Calculate the remainder when 661 is divided by 46.
17
Calculate the remainder when 301 is divided by 2.
1
Calculate the remainder when 723 is divided by 25.
23
Calculate the remainder when 47 is divided by 7.
5
Calculate the remainder when 896 is divided by 135.
86
What is the remainder when 270 is divided by 69?
63
What is the remainder when 605 is divided by 77?
66
What is the remainder when 384 is divided by 115?
39
Calculate the remainder when 16098 is divided by 5.
3
Calculate the remainder when 569 is divided by 52.
49
What is the remainder when 106 is divided by 57?
49
What is the remainder when 311 is divided by 261?
50
Calculate the remainder when 315 is divided by 61.
10
What is the remainder when 179 is divided by 62?
55
Calculate the remainder when 391 is divided by 103.
82
What is the remainder when 1532 is divided by 260?
232
Calculate the remainder when 666 is divided by 21.
15
What is the remainder when 134 is divided by 18?
8
Calculate the remainder when 941 is divided by 21.
17
What is the remainder when 321 is divided by 158?
5
What is the remainder when 325 is divided by 58?
35
What is the remainder when 35 is divided by 28?
7
Calculate the remainder when 84 is divided by 44.
40
Calculate the remainder when 140 is divided by 27.
5
What is the remainder when 58 is divided by 15?
13
What is the remainder when 41 is divided by 39?
2
What is the remainder when 247 is divided by 8?
7
What is the remainder when 31 is divided by 30?
1
What is the remainder when 79 is divided by 33?
13
Calculate the remainder when 70 is divided by 29.
12
What is the remainder when 5380 is divided by 85?
25
Calculate the remainder when 3 is divided by 1.
0
Calculate the remainder when 47 is divided by 41.
6
What is the remainder when 7935 is divided by 7?
4
What is the remainder when 2518 is divided by 21?
19
Calculate the remainder when 59 is divided by 28.
3
Calculate the remainder when 1399 is divided by 237.
214
What is the remainder when 18 is divided by 2?
0
Calculate the remainder when 986 is divided by 18.
14
What is the remainder when 590 is divided by 99?
95
What is the remainder when 87 is divided by 10?
7
Calculate the remainder when 356 is divided by 17.
16
What is the remainder when 766 is divided by 49?
31
Calculate the remainder when 657 is divided by 4.
1
Calculate the remainder when 84 is divided by 47.
37
What is the remainder when 235 is divided by 146?
89
What is the remainder when 114 is divided by 30?
24
What is the remainder when 226 is divided by 57?
55
What is the remainder when 10897 is divided by 46?
41
What is the remainder when 70 is divided by 63?
7
What is the remainder when 355 is divided by 91?
82
What is the remainder when 134 is divided by 14?
8
Calculate the remainder when 2407 is divided by 11.
9
Calculate the remainder when 869 is divided by 289.
2
What is the remainder when 49003 is divided by 121?
119
Calculate the remainder when 112 is divided by 42.
28
What is the remainder when 6541 is divided by 85?
81
What is the remainder when 192 is divided by 72?
48
What is the remainder when 1779 is divided by 22?
19
Calculate the remainder when 790 is divided by 18.
16
Calculate the remainder when 695 is divided by 26.
19
Calculate the remainder when 232 is divided by 80.
72
Calculate the remainder when 2854 is divided by 570.
4
What is the remainder when 105 is divided by 80?
25
What is the remainder when 50 is divided by 20?
10
What is the remainder when 20846 is divided by 29?
24
What is the remainder when 5938 is divided by 22?
20
Calculate the remainder when 219 is divided by 38.
29
What is the remainder when 169 is divided by 9?
7
Calculate the remainder when 745 is divided by 164.
89
What is the remainder when 2020 is divided by 135?
130
Calculate the remainder when 302 is divided by 64.
46
What is the remainder when 4958 is divided by 97?
11
What is the remainder when 185 is divided by 21?
17
What is the remainder when 67 is divided by 27?
13
Calculate the remainder when 2990 is divided by 81.
74
What is the remainder when 227 is divided by 144?
83
Calculate the remainder when 10702 is divided by 21.
13
What is the remainder when 54 is divided by 45?
9
What is the remainder when 105 is divided by 54?
51
What is the remainder when 146 is divided by 7?
6
What is the remainder when 80 is divided by 27?
26
What is the remainder when 67 is divided by 3?
1
Calculate the remainder when 35 is divided by 4.
3
What is the remainder when 923 is divided by 21?
20
What is the remainder when 311 is divided by 70?
31
What is the remainder when 76 is divided by 22?
10
What is the remainder when 278 is divided by 72?
62
Calculate the remainder when 335 is divided by 57.
50
What is the remainder when 2668 is divided by 17?
16
What is